{"id":39,"date":"2021-10-15T18:44:57","date_gmt":"2021-10-15T16:44:57","guid":{"rendered":"https:\/\/www.magical-solutions.fr\/?page_id=39"},"modified":"2021-10-15T18:59:51","modified_gmt":"2021-10-15T16:59:51","slug":"le-magical-storage","status":"publish","type":"page","link":"https:\/\/magical-solutions.fr\/?page_id=39","title":{"rendered":"Le Magical Storage"},"content":{"rendered":"\n<p>Vous l\u2019attendiez depuis longtemps, Magical-Solutions l\u2019a fait pour vous !<\/p>\n\n\n\n<p>Une solution innovante de stockage qui rassemble l\u2019ensemble de vos pr\u00e9occupations dans un seul produit !<\/p>\n\n\n\n<p>Avec notre nouvelle solution de Stockage Permanent Efficient Calibr\u00e9 Kymographique nous annon\u00e7ons un pas de g\u00e9ant pour r\u00e9pondre \u00e0 l\u2019ensemble de vos probl\u00e9matiques Storage !<\/p>\n\n\n\n<p>Le SPECK est ainsi con\u00e7u pour \u00eatre :<\/p>\n\n\n\n<ul><li>Evolutif, on peut facilement rajouter une tranche de stockage, et cela sans limite !<\/li><\/ul>\n\n\n\n<p><\/p>\n\n\n\n<ul><li>Fiable et sans panne : Gr\u00e2ce \u00e0 notre technologie exclusive NoSoucy, nous vous garantissons une solution qui ne tombe pas en panne de par sa conception ! Rien ne peut vous arriver ! Dormez tranquille !<\/li><\/ul>\n\n\n\n<ul><li>Peu cher : Le prix du Go est calcul\u00e9 selon une formule valid\u00e9e par le Mythe :<ul><li>Prix = Prix souhait\u00e9 par le client \/ 1,17 x age-du-commercial<\/li><\/ul><\/li><\/ul>\n\n\n\n<p><\/p>\n\n\n\n<ul><li>Performant : Le nombre d\u2019IOPS que peut fournir la Magical Solution est calculable de la mani\u00e8re suivante :<ul><li>IOPS max = IOPS n\u00e9cessaire x 10<\/li><li>Gr\u00e2ce \u00e0 cette technologie R\u00e9volutionnaire auto-adaptative vous allez repousser toujours plus loin les limites de performances !<\/li><\/ul><\/li><\/ul>\n\n\n\n<p><\/p>\n\n\n\n<ul><li>Rapide : Concernant les latences, nous avons pris tout ce qui se fait de mieux sur le march\u00e9 et nous avons fait mieux ! C\u2019est donc tr\u00e8s tr\u00e8s tr\u00e8s rapide !<\/li><\/ul>\n\n\n\n<p><\/p>\n\n\n\n<ul><li>Upgrade \u00e0 chaud automatique, permanent et sans coupure ! Vous \u00eates toujours prot\u00e9g\u00e9s, et les plages de maintenance sont un lointain souvenir ! Les mises \u00e0 jour sont imm\u00e9diates !<\/li><\/ul>\n\n\n\n<p><\/p>\n\n\n\n<ul><li>Green :<ul><li>La consommation \u00e9lectrique est r\u00e9duite au minimum de par l\u2019usage de mat\u00e9riaux durables !<\/li><li>Optez pour notre version GRS (Green Reloaded Solar) et avec l\u2019int\u00e9gration de panneaux solaires, votre solution SPECK sera capable d\u2019alimenter l\u2019ensemble de votre datacenter (*1)<\/li><li>Malin : l\u2019ensemble de nos mod\u00e8les est \u00e9quip\u00e9 de micro-\u00e9oliennes qui r\u00e9utilisent l\u2019\u00e9nergie de ventilation et les flux d\u2019air afin de produire du courant positif !<\/li><\/ul><\/li><\/ul>\n\n\n\n<p><\/p>\n\n\n\n<ul><li>Dense : Notre Magical Solution prend tr\u00e8s peu de place, ce qui est tr\u00e8s pratique. Vous avez peu de place ? elle en prend encore moins !<\/li><\/ul>\n\n\n\n<p><\/p>\n\n\n\n<ul><li>Extensible : Vous en avez assez de devoir suivre en permanence l\u2019espace disponible dans votre solution de stockage ? Plus besoin de vous inqui\u00e9ter, avec SPECK, vous n\u2019aurez plus de limite, il suffit d\u2019en avoir besoin pour que l\u2019espace soit disponible.<\/li><\/ul>\n\n\n\n<p><\/p>\n\n\n\n<ul><li>Fini les changements : Avec SPECK, nous avons con\u00e7u une solution durable, plus besoin de pr\u00e9voir le remplacement de votre solution de stockage tous les 3, 5 ou 7 ans. Avec SPECK, votre solution sera toujours au top niveau et vous n\u2019aurez plus besoin de la faire \u00e9voluer. Elle est \u00e9ternelle (prouv\u00e9 par rapport d\u2019huissier).<\/li><\/ul>\n\n\n\n<p><\/p>\n\n\n\n<ul><li>Garantie \u00e0 vie : Nous avons confiance dans nos produits, la garantie \u00e0 vie est donc offerte !<\/li><\/ul>\n\n\n\n<p>La Magical-Solution SPECK, enfin un produit qui ne vous prend pas pour un jambon.<\/p>\n\n\n\n<p>(*1) : Fonctionne uniquement de jour<\/p>\n","protected":false},"excerpt":{"rendered":"<p>Vous l\u2019attendiez depuis longtemps, Magical-Solutions l\u2019a fait pour vous ! Une solution innovante de stockage qui rassemble l\u2019ensemble de vos pr\u00e9occupations dans un seul produit ! Avec notre nouvelle solution de Stockage Permanent Efficient Calibr\u00e9 Kymographique nous annon\u00e7ons un pas de g\u00e9ant pour r\u00e9pondre \u00e0 l\u2019ensemble de vos probl\u00e9matiques Storage ! Le SPECK est ainsi [&hellip;]<\/p>\n","protected":false},"author":1,"featured_media":0,"parent":0,"menu_order":0,"comment_status":"closed","ping_status":"closed","template":"templates\/template-full-width.php","meta":{"footnotes":""},"_links":{"self":[{"href":"https:\/\/magical-solutions.fr\/index.php?rest_route=\/wp\/v2\/pages\/39"}],"collection":[{"href":"https:\/\/magical-solutions.fr\/index.php?rest_route=\/wp\/v2\/pages"}],"about":[{"href":"https:\/\/magical-solutions.fr\/index.php?rest_route=\/wp\/v2\/types\/page"}],"author":[{"embeddable":true,"href":"https:\/\/magical-solutions.fr\/index.php?rest_route=\/wp\/v2\/users\/1"}],"replies":[{"embeddable":true,"href":"https:\/\/magical-solutions.fr\/index.php?rest_route=%2Fwp%2Fv2%2Fcomments&post=39"}],"version-history":[{"count":5,"href":"https:\/\/magical-solutions.fr\/index.php?rest_route=\/wp\/v2\/pages\/39\/revisions"}],"predecessor-version":[{"id":46,"href":"https:\/\/magical-solutions.fr\/index.php?rest_route=\/wp\/v2\/pages\/39\/revisions\/46"}],"wp:attachment":[{"href":"https:\/\/magical-solutions.fr\/index.php?rest_route=%2Fwp%2Fv2%2Fmedia&parent=39"}],"curies":[{"name":"wp","href":"https:\/\/api.w.org\/{rel}","templated":true}]}}